-v + 4*v = -l. Let w = 32 + v. Calculate the remainder when 40 is divided by w.
12
Calculate the remainder when 26 is divided by ((-2)/(-1))/((-4)/(-34)).
9
Let q = 15 + -7. Calculate the remainder when 38 is divided by q.
6
Let l(v) = -v**3 - 9*v**2 - 6*v - 20. Calculate the remainder when l(-9) is divided by 7.
6
Suppose -3*t + 5*o + 32 = 0, 17 + 15 = 5*t - 3*o. Let b(p) = 6*p**2 - 2*p + 3. Calculate the remainder when b(t) is divided by 23.
22
Let f = -13 - -21. Suppose u = -3*u + f. Suppose 3*w - 6*w + 73 = i, 5*i - 66 = -u*w. Calculate the remainder when w is divided by 8.
7
Let z = 10 - 5. Let g = -66 + 79. Calculate the remainder when g is divided by z.
3
Suppose 35 - 5 = j + 2*z, 2*z - 8 = 0. What is the remainder when j is divided by 6?
4
Let i(s) = 10*s**2 + s - 2. What is the remainder when i(1) is divided by 3?
0
Let v(y) = 22*y**2 + y. Suppose 0 = 3*u - 2*n - 45, 21 = -2*u + 5*n + 51. Suppose 3*b - u - 9 = 0. Calculate the remainder when v(-1) is divided by b.
5
Let o(d) = -d**2 - 6*d - 2. Let t be o(-6). Let x = 2 + t. Suppose x = 3*m - 2*m - 10. What is the remainder when 19 is divided by m?
9
Let h(g) = g**3 + 7*g**2 + 5. Let i be h(-7). What is the remainder when 21 + (4 + -1 - i) is divided by 5?
4
Let o = 58 - 34. What is the remainder when 44 is divided by o?
20
Let q = 14 - -14. What is the remainder when q is divided by (-80)/(-8)*(-3)/(-2)?
13
Let z(w) = w**2 - 3*w - 2. Let i be z(3). Let l be i/3 + (-16)/12. Calculate the remainder when (-89)/l - (-4)/8 is divided by 12.
9
Suppose 24 = 5*w - 3*w. Calculate the remainder when 82 is divided by w.
10
Suppose 0*t = -4*m - t + 202, 0 = -5*m + 4*t + 263. Calculate the remainder when m is divided by (-2)/(-2)*52/4.
12
Let w = -104 - -119. What is the remainder when 71 is divided by w?
11
Suppose 0 = -5*u + 5*w + 20, -4*w = u - 2*w + 2. Suppose k = 4*s - 8, -s = k - u*s - 1. What is the remainder when 6 is divided by k?
2
Let x(d) = 2*d**2 + 9*d + 9. What is the remainder when x(-6) is divided by 7?
6
Suppose 2*c - 20 = -0*c. Let a(z) = 2*z**2 + 11*z + 17. Let u be a(-7). Suppose 6*m - u = 4*m. What is the remainder when m is divided by c?
9
Suppose 13 = 2*k - i, 4*i - 52 = 2*k - 7*k. Let d(q) = 1 - q + k - 1. Calculate the remainder when 27 is divided by d(-6).
13
Suppose -4*j + 30 = 5*t, -3*j + 7*t = 4*t - 36. Suppose -f + 4 + 2 = 0. What is the remainder when j is divided by f?
4
Let t be ((0 - 0)/2)/3. Suppose l - 4*l + 12 = t. Let f(m) = m**2 + 5*m + 6. What is the remainder when f(-5) is divided by l?
2
Suppose 3*b - 4*h = 56, -2*b + 11 = 2*h - 3. Let l = 10 - 5. Suppose -10*s + 110 = -l*s. Calculate the remainder when s is divided by b.
10
Suppose -3*w + 5 = -2*m, -3*m - 8 - 1 = -5*w. Suppose v - 44 = -3*u, -4*v - 2*u - w*u + 155 = 0. Calculate the remainder when v is divided by 13.
9
Let w(d) = 2*d - 12. Let g be w(5). Calculate the remainder when 30 is divided by (-1 - (g - 0))*16.
14
Suppose a = 9 - 1. Calculate the remainder when 18 is divided by a.
2
Suppose -j = -r + 2*j + 7, 3*r + j = 51. What is the remainder when 28 is divided by r?
12
Suppose -26 = -3*t - 4*d, -4*t - 3 + 1 = -2*d. Let g(b) = -b**3 + 3*b**2 - 3*b + 3. What is the remainder when 1 is divided by g(t)?
0
Suppose 5*q - 2*i - i - 127 = 0, 2*q - 58 = 3*i. What is the remainder when 67 is divided by q?
21
Let h = 57 - 24. Calculate the remainder when h is divided by 12.
9
Suppose 2*t = q + 17, -2*q = 5*t - 17 - 3. Let u(x) = 2*x. Calculate the remainder when 23 is divided by u(t).
11
What is the remainder when 17 is divided by (1 - -3) + -1 + 1?
1
Suppose 4*b - 23 - 141 = 0. Let u = 56 + -42. What is the remainder when b is divided by u?
13
Let z(l) = -l**2 - 5*l - 3. Let f be z(-4). Let d be f/((-6)/(-105))*2. Let u = d + -22. Calculate the remainder when 23 is divided by u.
10
Let y(q) = -4 + 8*q + 1 - 1 - 6*q**2 + 5*q**2. Let j(v) = -v**3 + 6*v**2 - 2*v + 4. What is the remainder when j(5) is divided by y(5)?
8
Let l be 14/28*-102*2. Calculate the remainder when 44/33*l/(-4) is divided by 17 + (2 - 0)/2.
16
Let c be (-12)/(-5) + 8/(-20). Suppose 7 = i - 5*x - 1, -c*i - 4*x = -58. Calculate the remainder when i is divided by 12.
11
Suppose 2*g - 192 = -2*g + 5*k, -g = 4*k - 48. Calculate the remainder when g is divided by 13.
9
Let k(c) = -2*c + 3. Let b = 2 - 0. Let x be k(b). What is the remainder when (4 - x)*(-16)/(-5) is divided by 9?
7
Suppose 5*c - 2*i - 2*i = 35, 4*c + 5*i + 13 = 0. Suppose c = 4*q - 53. What is the remainder when q is divided by 4?
2
Let f be (0 - -42) + (-1)/(-1). Suppose -41 - f = -4*h. Let g = h - 13. Calculate the remainder when g is divided by 3.
2
Let v(s) = -2*s**3 + 2*s + 1. Let n(w) = -w - 1. Let r be n(-4). Suppose -4*i + 37 = -a, -i - a + 18 = -r*a. Calculate the remainder when v(-2) is divided by i.
5
Let n be 74/(-4) - 1/(-2). Suppose 4*b - 4*q = 48, -4*b - 5*q + 59 = -2*b. Calculate the remainder when 196/(-6)*27/n is divided by b.
15
Let b(x) = -14*x + 3. Let y(l) = -15*l + 4. Let s(n) = 3*b(n) - 2*y(n). Let a be s(-1). Let f = a - 6. Calculate the remainder when 13 is divided by f.
6
Let w be (1 + 3 + -2)/2. Let t(v) = 50*v**2 - v + 1. What is the remainder when t(w) is divided by 26?
24
Let b = 81 - 27. Let y = -5 + -16. Let v = y + b. Calculate the remainder when v is divided by 9.
6
Suppose -2*l - 5*g + 115 = 0, 0 = -0*l - l - g + 59. Suppose 3*o + 2*o = l. Calculate the remainder when o is divided by 7.
5
Let q = 26 - 31. Suppose 0 = 4*m + 5 - 1. Let p = m - q. What is the remainder when 5 is divided by p?
1
Let k(p) = 3*p + 4. Let y(f) = -1. Let t(d) = k(d) + 6*y(d). Let l be t(-9). What is the remainder when (l/(-2))/(3/6) is divided by 15?
14
Suppose -5*i - 10 = 0, -5*g + i - 66 = -18. Calculate the remainder when (-2)/(-8)*4 - g is divided by 6.
5
Let x = -72 + 107. What is the remainder when 172 is divided by x?
32
Suppose -7*r + 1117 = -269. Calculate the remainder when r is divided by 50.
48
Let l(w) = -7*w + 13. Let j be l(9). Let v = -31 - j. What is the remainder when v is divided by 1/(-4) + (-164)/(-16)?
9
Let q(r) = 6*r**2 - 3*r + 2. Calculate the remainder when q(3) is divided by 12.
11
Suppose -o + 200 = 4*o. Suppose 0*w = 4*w - o. What is the remainder when w is divided by 6?
4
Suppose -2*o - 4*x = -14, -2*o - 5*x = 3*o - 45. Suppose 2*b + 3*n - 89 + 28 = 0, b = -4*n + 28. Calculate the remainder when b is divided by o.
10
Let i(a) = 2*a**2 - 3*a - 3. Let r be i(-3). Let o = r - 7. Suppose 169 = 3*l + 22. Calculate the remainder when l is divided by o.
15
Let n(z) = z**3 - z**2 - z + 49. Suppose 2*p + 4 = 5*m - 1, -5*p - 2*m = -31. Let j = p - -12. What is the remainder when n(0) is divided by j?
15
Let l be (-2)/11 - 5467/(-121). Suppose -2*o - l = z - 4*z, 2*o - 6 = 0. What is the remainder when z is divided by 10?
7
What is the remainder when (2/(-3) - -1)/((-66)/(-28908)) is divided by 21?
20
Suppose -3*a - 2*a = 0. Suppose 2*t = v - 5 - 0, 0 = 5*v - 2*t - 17. Suppose z - v = -a. What is the remainder when 7 is divided by z?
1
Let c = 19 + 9. What is the remainder when c is divided by 10?
8
Let p be (-25)/(-3) + 14/21. Let l(q) = -q**2 + 19*q - 8. What is the remainder when l(p) is divided by 28?
26
Let u(m) = -m**2 - 9*m + 4. Let o be u(-9). Suppose 2*i = -o + 36. Calculate the remainder when 30 is divided by i.
14
Suppose 0 = -3*b - 0*b + 225. Suppose -4*w + b = -65. What is the remainder when w is divided by -8*(1 + (-5)/2)?
11
Suppose 3*i - 27 = 5*m, 4*m - 3*m + 18 = 2*i. What is the remainder when 32 is divided by i?
5
Suppose -41 = 3*n - 143. Suppose -3*b + 4*y + 163 = -228, -3*b = y - 401. Calculate the remainder when b is divided by n.
31
Let c = 15 + -8. Suppose -4 + 3 = -w. Suppose -38 = -3*a + w. Calculate the remainder when a is divided by c.
6
Let k(l) = -9*l + 14. Calculate the remainder when k(-9) is divided by 12.
11
Suppose -o + 2 + 3 = 0. Let m(g) = 3*g**3 + 2*g**2 - g + 4. Calculate the remainder when o is divided by m(0).
1
Suppose -6*d + 175 = -d - 5*z, 5*z + 97 = 3*d. Calculate the remainder when d is divided by 10.
9
Let x(s) be the first derivative of -s**4/4 + 7*s**2/2 + 6*s + 1. Calculate the remainder when x(-4) is divided by 11.
9
Let i(p) = 67*p - 1. Let m be i(1). Suppose n + 68 + m = 5*s, -s - n + 28